atest common factor of w and 37?
37
Let t(k) = 2*k**2 - 18*k. Let n be t(11). Let a(l) = -l**2 - 7*l + 5. Let j be a(-6). What is the greatest common factor of j and n?
11
Suppose 10*x = 24*x - 238. Calculate the greatest common factor of 629 and x.
17
Let h = 48 + -42. Suppose -6*c = -3*c - 12. Suppose -98 = -c*k - 2. What is the greatest common factor of h and k?
6
Suppose -l = 1048 - 1056. Calculate the greatest common divisor of 4 and l.
4
Let j(l) = 34*l + 42. Let f be j(0). What is the highest common divisor of f and 609?
21
Let u be 6/(-4) + 87*(-6)/(-36). What is the highest common divisor of u and 299?
13
Suppose -127 - 39 = -q - 3*z, -762 = -5*q + 2*z. Calculate the highest common factor of 176 and q.
22
Suppose -8 = -2*r, 6 = 4*b - 2*r + 2. Suppose -8 = -b*k + 76. Suppose 28*l - k = 24*l. What is the greatest common factor of 35 and l?
7
Let t = 24 - 11. Let s = 83 + t. Suppose 3*r - 9 = 27. Calculate the greatest common divisor of r and s.
12
Let b = -78 + 83. Suppose -b*q + 5*h = -240, 3*h + 23 = q - 19. Calculate the highest common divisor of 34 and q.
17
Suppose 0 = -9*o + 163 + 323. Calculate the greatest common factor of o and 6.
6
Let i(j) = 58*j**3 - 3*j - 2. Let d be i(-1). Let w be 5/10*2 - (d + -2). What is the greatest common divisor of w and 36?
12
Let x = -6 + 44. Let c = 45 - x. Calculate the greatest common divisor of 21 and c.
7
Let b be (-1*36)/((-4)/10). Let s = 202 - b. Let w be 15 + ((-6 + -3)/3)/(-3). What is the highest common divisor of w and s?
16
Let w(d) = 60*d**2 - 4*d - 2. Let j be w(-1). Suppose j*x = 57*x + 100. Calculate the highest common factor of x and 8.
4
Let w be 263/2 + 18/(-12). Suppose -4*r + 110 = -2*o, 0 = -7*r + 2*r + o + w. Let a = 11 - 1. Calculate the greatest common divisor of a and r.
5
Let k(q) be the second derivative of -12*q**3 - q**2 - q. Let c = -19 + 18. Let i be k(c). Calculate the highest common divisor of i and 14.
14
Let z = -464 + 1136. What is the greatest common divisor of 56 and z?
56
Suppose -12*z + 126 = -114. Calculate the highest common divisor of z and 75.
5
Let o(d) = -d**3 - 15*d**2 - 3*d - 8. Let u be (-3)/2*(-60)/(-6). Let b be o(u). Calculate the highest common factor of 37 and b.
37
Let p be (4 - (7 - 4))*-4. Let v(n) = -4*n - 11. Let t be v(p). Suppose 0 = 9*j - t*j - 112. Calculate the highest common factor of j and 70.
14
Let b(u) = u**3 + 19*u**2 - 41*u + 109. Let g be b(-21). Calculate the highest common divisor of g and 176.
88
Suppose -51*b + 36*b + 6480 = 0. What is the greatest common divisor of 162 and b?
54
Let i be (-4)/(-2)*(-486)/(-12). Suppose -146 = -4*x + 70. What is the highest common divisor of x and i?
27
Suppose 4*s - 5*d = 37, 25 = -0*s + s + 4*d. Suppose 24 = y + s. What is the highest common factor of 44 and y?
11
Suppose -11 = 3*m - 23. Suppose 179 + 109 = m*y. Suppose 5*w = w + y. What is the greatest common factor of w and 2?
2
Suppose -92 = -3*x - 11. Suppose 8 + 610 = 206*d. What is the greatest common factor of x and d?
3
Suppose 9*t - 400 = 4*t. Let r = 305 - t. What is the highest common divisor of 25 and r?
25
Let a be ((-13)/26)/(1724/1728 + -1). What is the highest common divisor of a and 135?
27
Let g be (51/34)/(1 + 14/(-12)). Let u(a) = -a**3 - 5*a**2 + 2*a + 2. Let s be u(g). What is the highest common factor of 28 and s?
28
Suppose 123 = 4*n + 75. Let t = -2 + n. Calculate the highest common divisor of t and 80.
10
Let k = -172 - -194. Suppose -3*t + 144 = 45. Let l = 66 - t. What is the highest common factor of l and k?
11
Suppose 2*g = 2*r + 2, -r + 4*g - 2 = 4*r. What is the highest common factor of 11 and r?
1
Suppose 371 = 8*n - 589. Calculate the highest common divisor of 130 and n.
10
Suppose 0 = -3*b + 4*m + 37, -8*m - 5 = -3*m. Let n be (-2)/b + (-216)/(-99). Calculate the highest common factor of 18 and n.
2
Let x be (-22)/(-77) - (516/(-7) + -1). Suppose -72 - 78 = -5*k. Calculate the highest common divisor of k and x.
15
Let o = 16 - 12. Let a = 80 - o. What is the highest common factor of 4 and a?
4
Let t = 15 - 7. Let q be (-2)/(-3) - (-40492)/12. Let n be q/108 + 3/4. What is the greatest common divisor of t and n?
8
Let q = 175 + -101. Let y = q + -142. Let a = y + 108. What is the greatest common factor of a and 8?
8
Let o be 286/9 - (-2)/9. Let m = o - 4. What is the highest common factor of 4 and m?
4
Let s(b) = -2*b**2 - 37*b - 22. Let x be s(-10). Calculate the greatest common divisor of x and 185.
37
Let r = 14 + -10. Let w be 23/r + (-2)/(-8). Suppose a + 5*h + w = 22, -2 = -h. Calculate the greatest common divisor of a and 18.
6
Let d be -13 - (0 - (5 + -4)). Let m be d/(-10)*5/(1/1). Calculate the highest common factor of m and 24.
6
Suppose 14846 - 1547 = 11*z. What is the highest common divisor of 93 and z?
93
Let g be 31/6 + (-3)/18. Suppose -638 = -g*v + 122. Suppose -4 = t - 2, 3*l + 5*t - 47 = 0. Calculate the highest common divisor of l and v.
19
Suppose 37 = m - 4*p + 9, 5*m = 4*p + 172. Let y = 30 - m. Let o be (-2 + 1)/(y/108). What is the greatest common factor of o and 2?
2
Let x(b) = 6*b - 6. Let u be x(7). Let g be 156/16 + 3/(-4). Calculate the greatest common divisor of g and u.
9
Let y = -266 - -446. Calculate the greatest common factor of 144 and y.
36
Let g be (-1 + 2)/(7 + -6). Let f be ((-1)/(-3))/((-8)/(-72)). Calculate the highest common factor of f and g.
1
Suppose 0 = -2*k - 4, -3*h - 10*k + 7*k = -399. What is the highest common divisor of 345 and h?
15
Let i = -38 - -68. Suppose 0 = -5*v - 4*k - 1 + 35, 0 = 4*k - 4. What is the highest common factor of i and v?
6
Let i = 189 + -70. What is the highest common factor of 17 and i?
17
Let f be -2 - (2/(-4))/((-5)/(-250)). Suppose -f*n + 54 = -21*n. Let d(t) = -62*t + 3. Let i be d(-3). Calculate the greatest common factor of n and i.
27
Suppose -7*g + 143 = -39. Calculate the highest common divisor of 26 and g.
26
Let c(q) = -24*q**3 - 3*q**2 + 6*q - 3. Let k be c(2). Let p be (3/(-3))/(5/k). What is the highest common factor of p and 13?
13
Suppose -2*i + 5*t + 0*t = -134, -4*t + 212 = 4*i. Let j = i - -3. What is the greatest common factor of j and 15?
15
Let s = 33 + -31. Suppose 5*k - s*u = 96, -2*u = 2*k - 76 + 32. Calculate the highest common factor of 30 and k.
10
Let f be 28/6 + (-3)/(-9). Let i be (-690)/(-100)*8 - (-1)/(-5). Calculate the greatest common divisor of f and i.
5
Let s be (-1)/(18/(-135) - (-1)/(-5)). Let n be 116/(-28) + 2/14. Let f be (-5)/15 - n/3. What is the greatest common factor of f and s?
1
Let l(z) = z**3 - 4*z**2 - 4*z. Let d be l(5). Suppose 2*p + 37 - 51 = -k, 3*p - 27 = -3*k. What is the greatest common factor of d and p?
5
Let i(t) = t**2 + 4*t - 3. Let d be i(3). Let w = -10 + d. Let y = 9 - w. What is the greatest common factor of y and 11?
1
Let h be (-236)/20 - 1/5. Let v be 2/h + (-13)/(-6). Suppose -v*j - j = -72. Calculate the greatest common factor of 72 and j.
24
Suppose m + 133 = 3*q - 54, -4*q + 4*m + 252 = 0. Let n = 86 - q. Let s(u) = -60*u. Let v be s(-1). What is the highest common divisor of v and n?
12
Let c(m) = 3*m**3 - 2*m**2 - 3*m - 1. Let i be c(3). Let d be -2 + i + -1 + 1. What is the greatest common divisor of d and 34?
17
Suppose 0 = -3*p + 2*l + 703, 2*l - 8 = -0. Suppose g - 3*b = p, 4*b = g - 0*g - 232. Calculate the greatest common factor of 36 and g.
36
Let n be 5/(-1) - (-16)/2 - -50. What is the greatest common divisor of n and 212?
53
Suppose 391 = 9*n + 265. Calculate the greatest common divisor of n and 434.
14
Let i = 44 + 166. Calculate the highest common factor of i and 12.
6
Suppose -177 = -4*y + 31. Calculate the highest common factor of y and 286.
26
Let j(i) = 34*i**3 + i**2 + 2*i + 1. Let u be j(-1). Let w be 3 + (4 - 7 - u). Calculate the greatest common divisor of w and 306.
34
Let p(u) = -51*u - 2. Let i be p(2). Suppose 0 = -g + 4*w + 89 - 276, -3*g = -5*w + 589. Let j = i - g. What is the highest common factor of 9 and j?
9
Suppose -11 = 2*q - 3*x, 5*x + 10 = -q + 2*x. Let m = 35 - q. Suppose -3*o + o - p = -50, -3*p + m = 2*o. What is the greatest common divisor of o and 9?
9
Suppose -179 = -12*g + 61. Calculate the greatest common divisor of g and 320.
20
Let x be (-904)/(-20) - (-168)/(-140). Calculate the highest common factor o